1?
300021
In base 12, what is 27b0 - -5?
27b5
In base 16, what is 4 + -21?
-1d
In base 9, what is 6 + -17?
-11
In base 5, what is 1 + -12?
-11
In base 7, what is 24 - -11?
35
In base 5, what is 10343 - -1?
10344
In base 8, what is -16 - -3?
-13
In base 11, what is 18 - 20?
-3
In base 11, what is -4684 - 5?
-4689
In base 15, what is 6 - 7e8?
-7e2
In base 6, what is 312 + 0?
312
In base 3, what is -12 + -10100202?
-10100221
In base 14, what is 8 + 10?
18
In base 7, what is -1450 - 5?
-1455
In base 3, what is 11100220 - 20?
11100200
In base 12, what is 8 - -328?
334
In base 11, what is -106 - -1?
-105
In base 15, what is -775 - -5?
-770
In base 14, what is 6 - -7d?
85
In base 3, what is -10 + -2120?
-2200
In base 10, what is -5 - 18?
-23
In base 6, what is -14 + -220?
-234
In base 9, what is 3 - -162?
165
In base 15, what is -b + -48?
-54
In base 8, what is 3 + 172?
175
In base 7, what is 4152 - 4?
4145
In base 4, what is -2031 + 2?
-2023
In base 8, what is -25461 - -5?
-25454
In base 7, what is 2 - 41?
-36
In base 6, what is 530 + -132?
354
In base 15, what is 334 - 2?
332
In base 10, what is -5 + 32?
27
In base 9, what is -8 + -2017?
-2026
In base 8, what is -4 - -253?
247
In base 15, what is 171 - 3?
16d
In base 15, what is b + b6?
c2
In base 13, what is 0 - 32?
-32
In base 13, what is -5 + -4c4?
-4c9
In base 12, what is -1 + -64?
-65
In base 11, what is 51 - -10?
61
In base 9, what is -1 + 547?
546
In base 9, what is 7 - -16?
24
In base 11, what is 22 - 7?
16
In base 7, what is 34 + -30?
4
In base 13, what is 15 + 3?
18
In base 3, what is 2001 + -122?
1102
In base 10, what is -5011 + -4?
-5015
In base 3, what is -21201011 + -1?
-21201012
In base 5, what is -10103 - 1?
-10104
In base 3, what is -1 + -22?
-100
In base 16, what is 95 - -7?
9c
In base 15, what is 2 - -15?
17
In base 9, what is -165 + 4?
-161
In base 5, what is 0 - 0?
0
In base 12, what is -5 - 2286?
-228b
In base 11, what is 1720 - 0?
1720
In base 3, what is 21010202 + -10?
21010122
In base 4, what is -3 - -13300?
13231
In base 4, what is -101 + 1?
-100
In base 15, what is -ca - -4?
-c6
In base 9, what is -18 + -3?
-22
In base 4, what is -211 - 0?
-211
In base 14, what is b + -399?
-38c
In base 16, what is -25 + -c?
-31
In base 6, what is -114 - -4?
-110
In base 10, what is -121 - -1?
-120
In base 6, what is 4 + -1053?
-1045
In base 3, what is 0 - 12?
-12
In base 10, what is 420 + -4?
416
In base 3, what is -1 + 111012?
111011
In base 12, what is 4 - 289?
-285
In base 6, what is -220340 - 5?
-220345
In base 9, what is -2 - -1244?
1242
In base 4, what is -21 + 32?
11
In base 12, what is 0 + 3a?
3a
In base 4, what is -2 - -320?
312
In base 8, what is 1101 + -7?
1072
In base 15, what is -7 + -9?
-11
In base 13, what is -71 - -5?
-69
In base 10, what is 1 - 107?
-106
In base 2, what is -110 + 101100110?
101100000
In base 4, what is -113 - 332?
-1111
In base 12, what is -6 - 9?
-13
In base 4, what is 2111 + 33?
2210
In base 9, what is -153 - -11?
-142
In base 3, what is 10 - 12211?
-12201
In base 11, what is 2 + 1425?
1427
In base 5, what is -20431 - -3?
-20423
In base 7, what is 224255 + -1?
224254
In base 13, what is -589b + -4?
-58a2
In base 7, what is -636 + -62?
-1031
In base 10, what is 4 + 54?
58
In base 5, what is -241 - 20?
-311
In base 7, what is -6 - -10?
1
In base 13, what is -70 + -5?
-75
In base 10, what is 80 - 15?
65
In base 2, what is -1000 - 10101010110?
-10101011110
In base 3, what is -10122 + -11?
-10210
In base 16, what is 5 + 21c?
221
In base 8, what is 0 - 243?
-243
In base 3, what is -11 - 100120?
-100201
In base 4, what is 3 + -2212?
-2203
In base 2, what is 10 + -1110?
-1100
In base 10, what is 1 - -23?
24
In base 14, what is -62 - 19?
-7b
In base 4, what is 31022 + -10?
31012
In base 6, what is -3 - 3421?
-3424
In base 6, what is -1001 - -1?
-1000
In base 4, what is -2 + 300?
232
In base 5, what is 34441 + 3?
34444
In base 14, what is 76 - -5?
7b
In base 6, what is 513 - 0?
513
In base 3, what is 22200 - 1?
22122
In base 9, what is 104 - -8?
113
In base 2, what is 1111110111 + -11?
1111110100
In base 7, what is 164 - -135?
332
In base 10, what is 1 + 210?
211
In base 6, what is -3 - 14411?
-14414
In base 8, what is -332 + 0?
-332
In base 16, what is 6 + 50?
56
In base 3, what is -12 + 1001000?
1000211
In base 9, what is 1301 - 5?
1285
In base 14, what is -16c9 + 0?
-16c9
In base 9, what is 1712 + 8?
1721
In base 11, what is -745 - 6?
-750
In base 6, what is -1 + -1443?
-1444
In base 5, what is -2 + -134424?
-134431
In base 2, what is 0 - -1110001?
1110001
In base 14, what is a6 + 7?
ad
In base 11, what is -5 - 767?
-771
In base 10, what is 4 + -114?
-110
In base 12, what is 3442 - 1?
3441
In base 7, what is -13 - -26?
13
In base 4, what is 2 - -102?
110
In base 2, what is -11 - 10011011?
-10011110
In base 12, what is a + -74?
-66
In base 13, what is -60 - -5?
-58
In base 14, what is 1048 + 6?
1050
In base 10, what is -6621 + -5?
-6626
In base 16, what is -5 - 1f?
-24
In base 11, what is 4 + -1a9?
-1a5
In base 3, what is 0 + 2002222?
2002222
In base 13, what is -2917 - 3?
-291a
In base 6, what is 14242 - -4?
14250
In base 12, what is 243 - 5?
23a
In base 14, what is 5 - 151?
-14a
In base 3, what is -2020 + 12?
-2001
In base 5, what is -30 + 20111?
20031
In base 6, what is 2252 - 4?
2244
In base 5, what is -10 - 1214?
-1224
In base 2, what is -11 - -10101?
10010
In base 7, what is 35 + -1?
34
In base 6, what is -34 + 1255?
1221
In base 2, what is 100 - -1111010?
1111110
In base 10, what is 981 - -4?
985
In base 8, what is 0 + -144?
-144
In base 2, what is -1010 + -101?
-1111
In base 15, what is 4 - 4c?
-48
In base 10, what is 62 + -9?
53
In base 6, what is 1 - 5054?
-5053
In base 12, what is -68 - -121?
75
In base 6, what is -2 - -432?
430
In base 15, what is -1 + -58?
-59
In base 9, what is -230 - -15?
-214
In base 14, what is 2ba5 + 5?
2baa
In base 16, what is -24d + a?
-243
In base 8, what is 1 - 12?
-11
In base 6, what is 33 - 40?
-3
In base 10, what is 5 - -1407?
1412
In base 7, what is 335353 - 0?
335353
In base 9, what is 11180 - 0?
11180
In base 3, what is -111002120 - 10?
-111002200
In base 10, what is 40 - 10?
30
In base 2, what is 111111 - -10?
1000001
In base 11, what is -4 - 5a?
-63
In base 3, what is 11010 - 11?
10222
In base 11, what is -4 - -34?
30
In base 4, what is -10 + -3000?
-3010
In base 9, what is -103 + 127?
24
In base 14, what is -1c9 - 4?
-1cd
In base 12, what is -87 - -18?
-6b
In base 4, what is 321 - 1033?
-112
In base 7, what is -2240 - 5?
-2245
In base 10, what is -89 + 52?
-37
In base 14, what is -7b - 3?
-80
In base 6, what is -3 - 12?
-15
In base 14, what is -d1 - 5?
-d6
In base 4, what is -1022 + -11?
-1033
In base 11, what is -68 - 5?
-72
In base 5, what is -10 - -321?
311
In base 10, what is 1 + -104?
-103
In base 8, what is 206 + -1?
205
In base 11, what is -3 - -a16?
a13
In base 9, what is -720 - 1?
-721
In base 3, what is -11 - 11100?
-11111
In base 12, what is -5 - -8a9?
8a4
In base 12, what is 38 - -4?
40
In base 6, what is -144 + -1?
-145
In base 14, what is 1 + -17d?
-17c
In base 8, what is 4 + 361?
365
In base 10, what is 40 + -64?
-24
In base 7, what is 10651 - 1?
10650
In base 3, what is -20121 + 1100?
-12021
In base 9, what is -120 + 3?
-116
In base 2, what is -10 + -1100000101?
-1100000111
In base 10, what is 3 + 142?
145
In base 10, what is 769 - 0?
769
In base 6, what is -413 + 14?
-355
In base 6, what is -242 - 10?
-252
In base 3, what is -22 + -2010122?
-2010221
In base 16, what is -68 - 12?
-7a
In base 13, what is -5 + -13b?
-143
In base 6, what is 1 - 413?
-412
In base 11, what is -421 + 18?
-404
In base 3, what is 10 + -2020?
-2010
In base 15, what is 4 + 15e?
163
In base 16, what is b - 15?
-a
In base 6, what is 42 + -1043?
-1001
In base 9, what is 1448 - 17?
1431
In base 5, what is 13 - -420?
433
In base 13, what is 0 - -146?
146
In base 14, what is -23b + 5?
-236
In base 16, what is -3 + -6?
-9
In base 14, what is -23 - -59?
36
In base 14, what is -306 - -4?
-302
In base 15, what is 5 - 4?
1
In base 12, what is -5 - -39?
34
In base 12, what is -1 + -23?
-24
In base 4, what is -10 - 1333133?
-1333203
In base 7, what is 45 + 505?
553
In base 4, what is 0 - -101323?
101323
In base 8, what is -5 + -331